{"id":563,"date":"2020-08-04T16:04:00","date_gmt":"2020-08-04T21:04:00","guid":{"rendered":"https:\/\/accord.galambos-dev.com\/company\/team\/cynthia-aboud\/"},"modified":"2024-12-19T14:33:58","modified_gmt":"2024-12-19T20:33:58","slug":"simon-hitzig","status":"publish","type":"person","link":"https:\/\/accordfinancial.com\/fr\/company\/team\/simon-hitzig\/","title":{"rendered":"Simon Hitzig"},"content":{"rendered":"<p>Au cours des dix ann\u00e9es qu'il a pass\u00e9es chez Accord, Simon a \u00e9t\u00e9 un catalyseur de changement et un membre cl\u00e9 de l'\u00e9quipe de direction. Il s'est joint \u00e0 Accord \u00e0 titre de pr\u00e9sident de la division d'affacturage sans recours. Par la suite, il a structur\u00e9 et conclu trois acquisitions afin de diversifier les produits offerts par Accord et de renforcer sa pr\u00e9sence aux \u00c9tats-Unis et au Canada.<\/p>\n\n\n\n<p>Fort d&#039;une longue carri\u00e8re dans le secteur des placements, Simon a pr\u00e9c\u00e9demment occup\u00e9 des postes de direction dans le marketing, le d\u00e9veloppement de produits et la strat\u00e9gie de distribution chez Goodman &amp; Company Ltd., DundeeWealth, Inc. et Dynamic Funds.<\/p>\n\n\n\n<p>Simon est dipl\u00f4m\u00e9 de l'Universit\u00e9 York et titulaire d'un MBA de l'Universit\u00e9 Georgetown.<\/p>","protected":false},"excerpt":{"rendered":"<p>Au cours de sa d\u00e9cennie chez Accord, Simon a \u00e9t\u00e9 un catalyseur de changement et un membre cl\u00e9\u2026<\/p>","protected":false},"featured_media":3583,"parent":0,"menu_order":13,"template":"","location":[8],"hierarchy":[111,113],"unit":[],"class_list":["post-563","person","type-person","status-publish","has-post-thumbnail","hentry","location-toronto"],"acf":[],"yoast_head":"<!-- This site is optimized with the Yoast SEO plugin v27.4 - https:\/\/yoast.com\/product\/yoast-seo-wordpress\/ -->\n<title>Simon Hitzig, President &amp; CEO | Accord Financial<\/title>\n<meta name=\"description\" content=\"In his decade at Accord, Simon has been a catalyst for change and a key member of the executive leadership team. Joining Accord as president of its\" \/>\n<meta name=\"robots\" content=\"index, follow, max-snippet:-1, max-image-preview:large, max-video-preview:-1\" \/>\n<link rel=\"canonical\" href=\"https:\/\/accordfinancial.com\/fr\/compagnie\/equipe\/simon-hitzig\/\" \/>\n<meta property=\"og:locale\" content=\"fr_CA\" \/>\n<meta property=\"og:type\" content=\"article\" \/>\n<meta property=\"og:title\" content=\"Simon Hitzig, President &amp; CEO | Accord Financial\" \/>\n<meta property=\"og:description\" content=\"In his decade at Accord, Simon has been a catalyst for change and a key member of the executive leadership team. Joining Accord as president of its\" \/>\n<meta property=\"og:url\" content=\"https:\/\/accordfinancial.com\/fr\/compagnie\/equipe\/simon-hitzig\/\" \/>\n<meta property=\"og:site_name\" content=\"Accord Financial\" \/>\n<meta property=\"article:publisher\" content=\"https:\/\/www.facebook.com\/accordfinancialcorp\/\" \/>\n<meta property=\"article:modified_time\" content=\"2024-12-19T20:33:58+00:00\" \/>\n<meta property=\"og:image\" content=\"https:\/\/accordfinancial.com\/wp-content\/uploads\/2020\/09\/portrait-simon_hitzig.jpg\" \/>\n\t<meta property=\"og:image:width\" content=\"2400\" \/>\n\t<meta property=\"og:image:height\" content=\"1428\" \/>\n\t<meta property=\"og:image:type\" content=\"image\/jpeg\" \/>\n<meta name=\"twitter:card\" content=\"summary_large_image\" \/>\n<meta name=\"twitter:site\" content=\"@accordfincorp\" \/>\n<meta name=\"twitter:label1\" content=\"Est. reading time\" \/>\n\t<meta name=\"twitter:data1\" content=\"1 minute\" \/>\n<script type=\"application\/ld+json\" class=\"yoast-schema-graph\">{\"@context\":\"https:\\\/\\\/schema.org\",\"@graph\":[{\"@type\":[\"WebPage\",\"ProfilePage\"],\"@id\":\"https:\\\/\\\/accordfinancial.com\\\/company\\\/team\\\/simon-hitzig\\\/\",\"url\":\"https:\\\/\\\/accordfinancial.com\\\/company\\\/team\\\/simon-hitzig\\\/\",\"name\":\"Simon Hitzig, President & CEO | Accord Financial\",\"isPartOf\":{\"@id\":\"https:\\\/\\\/accordfinancial.com\\\/#website\"},\"primaryImageOfPage\":{\"@id\":\"https:\\\/\\\/accordfinancial.com\\\/company\\\/team\\\/simon-hitzig\\\/#primaryimage\"},\"image\":{\"@id\":\"https:\\\/\\\/accordfinancial.com\\\/company\\\/team\\\/simon-hitzig\\\/#primaryimage\"},\"thumbnailUrl\":\"https:\\\/\\\/accordfinancial.com\\\/wp-content\\\/uploads\\\/2020\\\/09\\\/portrait-simon_hitzig.jpg\",\"datePublished\":\"2020-08-04T21:04:00+00:00\",\"dateModified\":\"2024-12-19T20:33:58+00:00\",\"description\":\"In his decade at Accord, Simon has been a catalyst for change and a key member of the executive leadership team. Joining Accord as president of its\",\"breadcrumb\":{\"@id\":\"https:\\\/\\\/accordfinancial.com\\\/company\\\/team\\\/simon-hitzig\\\/#breadcrumb\"},\"inLanguage\":\"fr-CA\",\"potentialAction\":[{\"@type\":\"ReadAction\",\"target\":[\"https:\\\/\\\/accordfinancial.com\\\/company\\\/team\\\/simon-hitzig\\\/\"]}]},{\"@type\":\"ImageObject\",\"inLanguage\":\"fr-CA\",\"@id\":\"https:\\\/\\\/accordfinancial.com\\\/company\\\/team\\\/simon-hitzig\\\/#primaryimage\",\"url\":\"https:\\\/\\\/accordfinancial.com\\\/wp-content\\\/uploads\\\/2020\\\/09\\\/portrait-simon_hitzig.jpg\",\"contentUrl\":\"https:\\\/\\\/accordfinancial.com\\\/wp-content\\\/uploads\\\/2020\\\/09\\\/portrait-simon_hitzig.jpg\",\"width\":2400,\"height\":1428,\"caption\":\"portrait simon hitzig\"},{\"@type\":\"BreadcrumbList\",\"@id\":\"https:\\\/\\\/accordfinancial.com\\\/company\\\/team\\\/simon-hitzig\\\/#breadcrumb\",\"itemListElement\":[{\"@type\":\"ListItem\",\"position\":1,\"name\":\"Home\",\"item\":\"https:\\\/\\\/accordfinancial.com\\\/\"},{\"@type\":\"ListItem\",\"position\":2,\"name\":\"People\",\"item\":\"https:\\\/\\\/accordfinancial.com\\\/fr\\\/compagnie\\\/equipe\\\/\"},{\"@type\":\"ListItem\",\"position\":3,\"name\":\"Simon Hitzig\"}]},{\"@type\":\"WebSite\",\"@id\":\"https:\\\/\\\/accordfinancial.com\\\/#website\",\"url\":\"https:\\\/\\\/accordfinancial.com\\\/\",\"name\":\"Accord Financial\",\"description\":\"Business Loans &amp; Asset Based Lending\",\"potentialAction\":[{\"@type\":\"SearchAction\",\"target\":{\"@type\":\"EntryPoint\",\"urlTemplate\":\"https:\\\/\\\/accordfinancial.com\\\/?s={search_term_string}\"},\"query-input\":{\"@type\":\"PropertyValueSpecification\",\"valueRequired\":true,\"valueName\":\"search_term_string\"}}],\"inLanguage\":\"fr-CA\"}]}<\/script>\n<!-- \/ Yoast SEO plugin. -->","yoast_head_json":{"title":"Simon Hitzig, pr\u00e9sident et chef de la direction | Financi\u00e8re Accord","description":"Au cours de sa d\u00e9cennie chez Accord, Simon a \u00e9t\u00e9 un catalyseur du changement et un membre cl\u00e9 de l&#039;\u00e9quipe de direction. Rejoindre Accord en tant que pr\u00e9sident de son","robots":{"index":"index","follow":"follow","max-snippet":"max-snippet:-1","max-image-preview":"max-image-preview:large","max-video-preview":"max-video-preview:-1"},"canonical":"https:\/\/accordfinancial.com\/fr\/compagnie\/equipe\/simon-hitzig\/","og_locale":"fr_CA","og_type":"article","og_title":"Simon Hitzig, President & CEO | Accord Financial","og_description":"In his decade at Accord, Simon has been a catalyst for change and a key member of the executive leadership team. Joining Accord as president of its","og_url":"https:\/\/accordfinancial.com\/fr\/compagnie\/equipe\/simon-hitzig\/","og_site_name":"Accord Financial","article_publisher":"https:\/\/www.facebook.com\/accordfinancialcorp\/","article_modified_time":"2024-12-19T20:33:58+00:00","og_image":[{"width":2400,"height":1428,"url":"https:\/\/accordfinancial.com\/wp-content\/uploads\/2020\/09\/portrait-simon_hitzig.jpg","type":"image\/jpeg"}],"twitter_card":"summary_large_image","twitter_site":"@accordfincorp","twitter_misc":{"Est. reading time":"1 minute"},"schema":{"@context":"https:\/\/schema.org","@graph":[{"@type":["WebPage","ProfilePage"],"@id":"https:\/\/accordfinancial.com\/company\/team\/simon-hitzig\/","url":"https:\/\/accordfinancial.com\/company\/team\/simon-hitzig\/","name":"Simon Hitzig, pr\u00e9sident et chef de la direction | Financi\u00e8re Accord","isPartOf":{"@id":"https:\/\/accordfinancial.com\/#website"},"primaryImageOfPage":{"@id":"https:\/\/accordfinancial.com\/company\/team\/simon-hitzig\/#primaryimage"},"image":{"@id":"https:\/\/accordfinancial.com\/company\/team\/simon-hitzig\/#primaryimage"},"thumbnailUrl":"https:\/\/accordfinancial.com\/wp-content\/uploads\/2020\/09\/portrait-simon_hitzig.jpg","datePublished":"2020-08-04T21:04:00+00:00","dateModified":"2024-12-19T20:33:58+00:00","description":"Au cours de sa d\u00e9cennie chez Accord, Simon a \u00e9t\u00e9 un catalyseur du changement et un membre cl\u00e9 de l&#039;\u00e9quipe de direction. Rejoindre Accord en tant que pr\u00e9sident de son","breadcrumb":{"@id":"https:\/\/accordfinancial.com\/company\/team\/simon-hitzig\/#breadcrumb"},"inLanguage":"fr-CA","potentialAction":[{"@type":"ReadAction","target":["https:\/\/accordfinancial.com\/company\/team\/simon-hitzig\/"]}]},{"@type":"ImageObject","inLanguage":"fr-CA","@id":"https:\/\/accordfinancial.com\/company\/team\/simon-hitzig\/#primaryimage","url":"https:\/\/accordfinancial.com\/wp-content\/uploads\/2020\/09\/portrait-simon_hitzig.jpg","contentUrl":"https:\/\/accordfinancial.com\/wp-content\/uploads\/2020\/09\/portrait-simon_hitzig.jpg","width":2400,"height":1428,"caption":"portrait simon hitzig"},{"@type":"BreadcrumbList","@id":"https:\/\/accordfinancial.com\/company\/team\/simon-hitzig\/#breadcrumb","itemListElement":[{"@type":"ListItem","position":1,"name":"Home","item":"https:\/\/accordfinancial.com\/"},{"@type":"ListItem","position":2,"name":"People","item":"https:\/\/accordfinancial.com\/fr\/compagnie\/equipe\/"},{"@type":"ListItem","position":3,"name":"Simon Hitzig"}]},{"@type":"WebSite","@id":"https:\/\/accordfinancial.com\/#website","url":"https:\/\/accordfinancial.com\/","name":"Financi\u00e8re Accord","description":"Pr\u00eats aux entreprises et pr\u00eats bas\u00e9s sur les actifs","potentialAction":[{"@type":"SearchAction","target":{"@type":"EntryPoint","urlTemplate":"https:\/\/accordfinancial.com\/?s={search_term_string}"},"query-input":{"@type":"PropertyValueSpecification","valueRequired":true,"valueName":"search_term_string"}}],"inLanguage":"fr-CA"}]}},"_links":{"self":[{"href":"https:\/\/accordfinancial.com\/fr\/wp-json\/wp\/v2\/person\/563","targetHints":{"allow":["GET"]}}],"collection":[{"href":"https:\/\/accordfinancial.com\/fr\/wp-json\/wp\/v2\/person"}],"about":[{"href":"https:\/\/accordfinancial.com\/fr\/wp-json\/wp\/v2\/types\/person"}],"version-history":[{"count":2,"href":"https:\/\/accordfinancial.com\/fr\/wp-json\/wp\/v2\/person\/563\/revisions"}],"predecessor-version":[{"id":16270,"href":"https:\/\/accordfinancial.com\/fr\/wp-json\/wp\/v2\/person\/563\/revisions\/16270"}],"wp:featuredmedia":[{"embeddable":true,"href":"https:\/\/accordfinancial.com\/fr\/wp-json\/wp\/v2\/media\/3583"}],"wp:attachment":[{"href":"https:\/\/accordfinancial.com\/fr\/wp-json\/wp\/v2\/media?parent=563"}],"wp:term":[{"taxonomy":"location","embeddable":true,"href":"https:\/\/accordfinancial.com\/fr\/wp-json\/wp\/v2\/location?post=563"},{"taxonomy":"hierarchy","embeddable":true,"href":"https:\/\/accordfinancial.com\/fr\/wp-json\/wp\/v2\/hierarchy?post=563"},{"taxonomy":"unit","embeddable":true,"href":"https:\/\/accordfinancial.com\/fr\/wp-json\/wp\/v2\/unit?post=563"}],"curies":[{"name":"wp","href":"https:\/\/api.w.org\/{rel}","templated":true}]}}

<p>Au cours des dix années qu'il a passées chez Accord, Simon a été un catalyseur de changement et un membre clé de l'équipe de direction. Il s'est joint à Accord à titre de président de la division d'affacturage sans recours. Par la suite, il a structuré et conclu trois acquisitions afin de diversifier les produits offerts par Accord et de renforcer sa présence aux États-Unis et au Canada.</p>



<p>Fort d&#039;une longue carrière dans le secteur des placements, Simon a précédemment occupé des postes de direction dans le marketing, le développement de produits et la stratégie de distribution chez Goodman &amp; Company Ltd., DundeeWealth, Inc. et Dynamic Funds.</p>



<p>Simon est diplômé de l'Université York et titulaire d'un MBA de l'Université Georgetown.</p>

<p>Au cours de sa décennie chez Accord, Simon a été un catalyseur de changement et un membre clé…</p>

Simon Hitzig, président et chef de la direction | Financière Accord

Au cours de sa décennie chez Accord, Simon a été un catalyseur du changement et un membre clé de l&#039;équipe de direction. Rejoindre Accord en tant que président de son

Financière Accord

Prêts aux entreprises et prêts basés sur les actifs
